 72930?
110
Calculate the greatest common divisor of 304 and 21394.
38
What is the highest common factor of 42 and 11354?
14
What is the greatest common divisor of 22450 and 30?
10
What is the greatest common divisor of 252 and 564165?
63
Calculate the greatest common divisor of 220 and 82260.
20
What is the highest common divisor of 44 and 5245020?
44
What is the greatest common factor of 28440 and 210?
30
Calculate the highest common divisor of 231867 and 9.
9
Calculate the highest common divisor of 267 and 1097637.
267
Calculate the highest common divisor of 3437 and 166449.
491
Calculate the greatest common factor of 1248 and 76596.
156
What is the greatest common factor of 1303741 and 1?
1
Calculate the highest common divisor of 4164 and 49524.
12
What is the highest common divisor of 2599 and 18239?
23
What is the highest common factor of 6497 and 58028?
89
Calculate the greatest common divisor of 86091 and 15.
3
What is the highest common factor of 4 and 79468?
4
What is the highest common divisor of 1159 and 9671?
19
Calculate the highest common factor of 575 and 187335.
115
Calculate the greatest common factor of 309 and 161607.
309
Calculate the highest common factor of 795 and 1000905.
795
Calculate the highest common divisor of 21560 and 350.
70
Calculate the highest common divisor of 340 and 1011670.
170
Calculate the highest common factor of 69 and 12441183.
69
What is the greatest common factor of 503965 and 153?
17
What is the highest common factor of 2510430 and 1066?
1066
Calculate the greatest common divisor of 15717 and 372.
93
Calculate the greatest common divisor of 3567 and 62976.
123
Calculate the greatest common factor of 627759 and 373.
373
Calculate the greatest common factor of 368 and 4002.
46
Calculate the greatest common divisor of 177864 and 22.
2
Calculate the greatest common factor of 359168 and 7360.
1472
What is the highest common factor of 294 and 153867?
21
What is the greatest common factor of 429 and 5676?
33
What is the highest common divisor of 197 and 12433852?
197
Calculate the highest common divisor of 1884312 and 144.
72
Calculate the highest common factor of 15 and 155415.
15
Calculate the greatest common divisor of 35 and 193571.
7
Calculate the highest common divisor of 9108 and 128.
4
Calculate the greatest common factor of 2289 and 89355.
21
What is the highest common divisor of 4693 and 24206?
247
Calculate the highest common factor of 76 and 323646.
38
Calculate the greatest common divisor of 2478974 and 51.
17
Calculate the greatest common divisor of 218 and 2204198.
218
What is the greatest common factor of 32571 and 45073?
329
What is the highest common divisor of 242954 and 2569?
367
Calculate the highest common divisor of 126 and 76118.
14
What is the highest common factor of 480 and 125460?
60
What is the highest common factor of 170 and 229466?
34
What is the greatest common factor of 670902 and 6510?
186
Calculate the highest common divisor of 88774 and 357.
119
Calculate the highest common divisor of 22464225 and 1071.
1071
What is the greatest common divisor of 781 and 3860483?
781
Calculate the greatest common divisor of 246 and 56990.
82
Calculate the highest common divisor of 49164 and 1377.
51
Calculate the greatest common divisor of 2938 and 676.
26
Calculate the greatest common divisor of 36 and 30387.
3
Calculate the greatest common divisor of 164925 and 50.
25
What is the highest common divisor of 392 and 83832?
56
What is the highest common divisor of 7526 and 923?
71
What is the greatest common divisor of 252960 and 850?
170
Calculate the highest common divisor of 4394 and 2.
2
What is the greatest common factor of 1539 and 73074?
57
Calculate the highest common divisor of 23998 and 142.
142
What is the highest common factor of 424 and 227476?
212
Calculate the highest common factor of 1503 and 25929.
9
What is the highest common factor of 560 and 177800?
280
What is the greatest common factor of 344196 and 864?
108
Calculate the highest common factor of 19 and 82213.
19
What is the highest common divisor of 222292 and 322?
14
Calculate the greatest common divisor of 520182 and 351.
351
Calculate the greatest common factor of 143 and 8294.
143
Calculate the highest common divisor of 75 and 24360.
15
Calculate the highest common divisor of 236900 and 103.
103
What is the greatest common factor of 832 and 14612?
52
What is the highest common factor of 762 and 44450?
254
Calculate the greatest common factor of 195 and 1830.
15
What is the highest common factor of 1749 and 85224?
159
What is the highest common divisor of 8415 and 20961?
153
What is the highest common factor of 810 and 5290?
10
Calculate the highest common factor of 2 and 226778.
2
Calculate the greatest common divisor of 622257 and 1968.
123
Calculate the highest common divisor of 14790 and 136.
34
What is the greatest common factor of 790 and 244900?
790
What is the highest common divisor of 208 and 2813200?
208
Calculate the greatest common divisor of 520 and 48282.
26
What is the highest common factor of 869 and 1925?
11
Calculate the highest common factor of 74932 and 88.
44
What is the highest common factor of 148 and 15133?
37
What is the highest common divisor of 23 and 13846?
23
Calculate the greatest common factor of 1436838 and 1308.
654
What is the highest common factor of 278300 and 3212?
44
What is the greatest common divisor of 2058 and 134358?
294
What is the greatest common divisor of 21600 and 76000?
800
Calculate the highest common factor of 630034 and 398.
398
Calculate the greatest common factor of 12 and 29298.
6
Calculate the highest common divisor of 1266 and 534.
6
What is the greatest common factor of 16616 and 341?
31
Calculate the highest common factor of 75010 and 230.
10
What is the highest common divisor of 433175 and 75?
25
Calculate the greatest common factor of 141885 and 9855.
135
Calculate the greatest common factor of 2266 and 18.
2
Calculate the highest common factor of 1833 and 2079233.
611
Calculate the greatest common divisor of 577872 and 24.
24
Calculate the greatest common divisor of 20 and 1299445.
5
Calculate the highest common divisor of 18614 and 164.
82
Calculate the highest common factor of 96 and 3175440.
48
What is the highest common divisor of 243 and 339?
3
Calculate the greatest common factor of 4 and 509156.
4
What is the greatest common divisor of 42332 and 76?
76
Calculate the highest common factor of 10041 and 102.
3
What is the highest common factor of 448 and 162848?
224
Calculate the greatest common factor of 285 and 447735.
285
Calculate the highest common divisor of 362457 and 29767.
1751
Calculate the highest common divisor of 1598917 and 139.
139
What is the greatest common divisor of 582056 and 248?
248
What is the highest common divisor of 161075 and 1516?
379
Calculate the greatest common divisor of 8 and 18184.
8
What is the greatest common factor of 1134 and 6642?
162
What is the highest common divisor of 11612025 and 54?
27
Calculate the highest common factor of 3312 and 9216.
144
Calculate the highest common divisor of 37 and 169867.
37
What is the greatest common factor of 624 and 132?
12
Calculate the greatest common divisor of 177 and 39943.
59
What is the greatest common factor of 682 and 16258?
22
Calculate the greatest common factor of 9416 and 308.
44
What is the greatest common factor of 1106 and 12877?
79
What is the highest common factor of 3171 and 15393?
21
Calculate the highest common factor of 5232 and 1328274.
654
What is the greatest common divisor of 3514 and 448?
14
What is the highest common divisor of 52032 and 49593?
813
What is the greatest common factor of 2825 and 42125?
25
Calculate the greatest common factor of 3016 and 12644.
116
What is the greatest common factor of 208 and 152560?
16
Calculate the highest common divisor of 388 and 3042308.
388
Calculate the greatest common divisor of 703125 and 225.
225
Calculate the greatest common divisor of 7 and 4132.
1
What is the highest common divisor of 1947671 and 418?
209
Calculate the greatest common divisor of 4191410 and 10.
10
What is the greatest common divisor of 20 and 776170?
10
Calculate the greatest common divisor of 9 and 39297.
3
What is the highest 